{"id":43,"date":"2022-10-15T16:18:00","date_gmt":"2022-10-15T14:18:00","guid":{"rendered":"http:\/\/belfortvolley.fr\/?page_id=43"},"modified":"2024-10-20T13:32:55","modified_gmt":"2024-10-20T11:32:55","slug":"calendrier","status":"publish","type":"page","link":"https:\/\/belfortvolley.fr\/index.php\/calendrier\/","title":{"rendered":"Calendriers"},"content":{"rendered":"\n<div class=\"wp-block-columns is-layout-flex wp-container-core-columns-is-layout-9d6595d7 wp-block-columns-is-layout-flex\">\n<div class=\"wp-block-column is-layout-flow wp-block-column-is-layout-flow\" style=\"flex-basis:100%\">\n<p><a href=\"https:\/\/www.ffvbbeach.org\/ffvbapp\/resu\/vbspo_home.php?codent=LIBOUR\">Le Calendrier de la Ligue de Bourgogne Franche-Comt\u00e9<\/a><\/p>\n\n\n\n<figure class=\"wp-block-image size-full\"><a href=\"https:\/\/www.ffvbbeach.org\/ffvbapp\/resu\/vbspo_home.php?codent=LIBOUR\"><img fetchpriority=\"high\" decoding=\"async\" width=\"638\" height=\"654\" src=\"https:\/\/belfortvolley.fr\/wp-content\/uploads\/2024\/10\/image.png\" alt=\"\" class=\"wp-image-1268\" srcset=\"https:\/\/belfortvolley.fr\/wp-content\/uploads\/2024\/10\/image.png 638w, https:\/\/belfortvolley.fr\/wp-content\/uploads\/2024\/10\/image-293x300.png 293w, https:\/\/belfortvolley.fr\/wp-content\/uploads\/2024\/10\/image-600x615.png 600w\" sizes=\"(max-width: 638px) 100vw, 638px\" \/><\/a><\/figure>\n<\/div>\n<\/div>\n\n\n\n<p>Consultez \u00e9galement le planning partag\u00e9 du club :<\/p>\n\n\n\n<iframe src=\"https:\/\/calendar.google.com\/calendar\/embed?height=600&#038;wkst=2&#038;bgcolor=%23ffffff&#038;ctz=Europe%2FParis&#038;showTitle=1&#038;showNav=1&#038;showCalendars=0&#038;mode=MONTH&#038;src=MWFiYjI0NTBhNzQ5NjhiZDdiMzAwZTVjZDM2MTRkM2YzYzdkZGRjY2Y1MzM1ZDFhM2Q1ZmRkZjhmZTFhMzNiZkBncm91cC5jYWxlbmRhci5nb29nbGUuY29t&#038;color=%23D81B60\" style=\"border:solid 1px #777\" width=\"800\" height=\"600\" frameborder=\"0\" scrolling=\"no\"><\/iframe>\n\n\n\n<p><\/p>\n","protected":false},"excerpt":{"rendered":"<p>Le Calendrier de la Ligue de Bourgogne Franche-Comt\u00e9 Consultez \u00e9galement le planning partag\u00e9 du club :<\/p>\n","protected":false},"author":1,"featured_media":0,"parent":0,"menu_order":0,"comment_status":"closed","ping_status":"closed","template":"","meta":{"footnotes":""},"class_list":["post-43","page","type-page","status-publish","hentry"],"jetpack_sharing_enabled":true,"_links":{"self":[{"href":"https:\/\/belfortvolley.fr\/index.php\/wp-json\/wp\/v2\/pages\/43","targetHints":{"allow":["GET"]}}],"collection":[{"href":"https:\/\/belfortvolley.fr\/index.php\/wp-json\/wp\/v2\/pages"}],"about":[{"href":"https:\/\/belfortvolley.fr\/index.php\/wp-json\/wp\/v2\/types\/page"}],"author":[{"embeddable":true,"href":"https:\/\/belfortvolley.fr\/index.php\/wp-json\/wp\/v2\/users\/1"}],"replies":[{"embeddable":true,"href":"https:\/\/belfortvolley.fr\/index.php\/wp-json\/wp\/v2\/comments?post=43"}],"version-history":[{"count":9,"href":"https:\/\/belfortvolley.fr\/index.php\/wp-json\/wp\/v2\/pages\/43\/revisions"}],"predecessor-version":[{"id":1269,"href":"https:\/\/belfortvolley.fr\/index.php\/wp-json\/wp\/v2\/pages\/43\/revisions\/1269"}],"wp:attachment":[{"href":"https:\/\/belfortvolley.fr\/index.php\/wp-json\/wp\/v2\/media?parent=43"}],"curies":[{"name":"wp","href":"https:\/\/api.w.org\/{rel}","templated":true}]}}