{"id":266,"date":"2022-11-04T00:56:05","date_gmt":"2022-11-03T23:56:05","guid":{"rendered":"https:\/\/belfortvolley.fr\/?page_id=266"},"modified":"2025-04-23T19:55:41","modified_gmt":"2025-04-23T17:55:41","slug":"prenationale-masculine-2","status":"publish","type":"page","link":"https:\/\/belfortvolley.fr\/index.php\/prenationale-masculine-2\/","title":{"rendered":"R\u00e9gionale masculine"},"content":{"rendered":"\n<p>Entrainements les lundis et mercredis de 20h \u00e0 22h.<\/p>\n\n\n\n<p>Entra\u00eeneurs : Cl\u00e9ment, Jean-Luc<\/p>\n\n\n\n<div class=\"wp-block-buttons is-layout-flex wp-block-buttons-is-layout-flex\">\n<div class=\"wp-block-button\"><a class=\"wp-block-button__link wp-element-button\" href=\"https:\/\/statz.fr\/championships\/9850066687\/RMB-REGIONALE-MASCULINE-POULE-B\" target=\"_blank\" rel=\"noreferrer noopener\">Calendriers, r\u00e9sultats, statistiques sur statz.fr<\/a><\/div>\n<\/div>\n\n\n\n<figure class=\"wp-block-image size-large\"><img fetchpriority=\"high\" decoding=\"async\" width=\"768\" height=\"1024\" src=\"https:\/\/belfortvolley.fr\/wp-content\/uploads\/2025\/04\/REGIOM-768x1024.jpg\" alt=\"\" class=\"wp-image-1298\" srcset=\"https:\/\/belfortvolley.fr\/wp-content\/uploads\/2025\/04\/REGIOM-768x1024.jpg 768w, https:\/\/belfortvolley.fr\/wp-content\/uploads\/2025\/04\/REGIOM-225x300.jpg 225w, https:\/\/belfortvolley.fr\/wp-content\/uploads\/2025\/04\/REGIOM-1152x1536.jpg 1152w, https:\/\/belfortvolley.fr\/wp-content\/uploads\/2025\/04\/REGIOM-600x800.jpg 600w, https:\/\/belfortvolley.fr\/wp-content\/uploads\/2025\/04\/REGIOM.jpg 1200w\" sizes=\"(max-width: 768px) 100vw, 768px\" \/><\/figure>\n","protected":false},"excerpt":{"rendered":"<p>Entrainements les lundis et mercredis de 20h \u00e0 22h. Entra\u00eeneurs : Cl\u00e9ment, Jean-Luc<\/p>\n","protected":false},"author":1,"featured_media":0,"parent":0,"menu_order":0,"comment_status":"closed","ping_status":"closed","template":"","meta":{"footnotes":""},"class_list":["post-266","page","type-page","status-publish","hentry"],"jetpack_sharing_enabled":true,"_links":{"self":[{"href":"https:\/\/belfortvolley.fr\/index.php\/wp-json\/wp\/v2\/pages\/266","targetHints":{"allow":["GET"]}}],"collection":[{"href":"https:\/\/belfortvolley.fr\/index.php\/wp-json\/wp\/v2\/pages"}],"about":[{"href":"https:\/\/belfortvolley.fr\/index.php\/wp-json\/wp\/v2\/types\/page"}],"author":[{"embeddable":true,"href":"https:\/\/belfortvolley.fr\/index.php\/wp-json\/wp\/v2\/users\/1"}],"replies":[{"embeddable":true,"href":"https:\/\/belfortvolley.fr\/index.php\/wp-json\/wp\/v2\/comments?post=266"}],"version-history":[{"count":4,"href":"https:\/\/belfortvolley.fr\/index.php\/wp-json\/wp\/v2\/pages\/266\/revisions"}],"predecessor-version":[{"id":1299,"href":"https:\/\/belfortvolley.fr\/index.php\/wp-json\/wp\/v2\/pages\/266\/revisions\/1299"}],"wp:attachment":[{"href":"https:\/\/belfortvolley.fr\/index.php\/wp-json\/wp\/v2\/media?parent=266"}],"curies":[{"name":"wp","href":"https:\/\/api.w.org\/{rel}","templated":true}]}}

Régionale masculine

<p>Entrainements les lundis et mercredis de 20h à 22h.</p>



<p>Entraîneurs : Clément, Jean-Luc</p>



<div class="wp-block-buttons is-layout-flex wp-block-buttons-is-layout-flex">
<div class="wp-block-button"><a class="wp-block-button__link wp-element-button" href="https://statz.fr/championships/9850066687/RMB-REGIONALE-MASCULINE-POULE-B" target="_blank" rel="noreferrer noopener">Calendriers, résultats, statistiques sur statz.fr</a></div>
</div>



<figure class="wp-block-image size-large"><img fetchpriority="high" decoding="async" width="768" height="1024" src="https://belfortvolley.fr/wp-content/uploads/2025/04/REGIOM-768x1024.jpg" alt="" class="wp-image-1298" srcset="https://belfortvolley.fr/wp-content/uploads/2025/04/REGIOM-768x1024.jpg 768w, https://belfortvolley.fr/wp-content/uploads/2025/04/REGIOM-225x300.jpg 225w, https://belfortvolley.fr/wp-content/uploads/2025/04/REGIOM-1152x1536.jpg 1152w, https://belfortvolley.fr/wp-content/uploads/2025/04/REGIOM-600x800.jpg 600w, https://belfortvolley.fr/wp-content/uploads/2025/04/REGIOM.jpg 1200w" sizes="(max-width: 768px) 100vw, 768px" /></figure>

<p>Entrainements les lundis et mercredis de 20h à 22h. Entraîneurs : Clément, Jean-Luc</p>
